t r = -763 + c. What is the tens digit of r?
9
Let y = -4995 - -10070. Let z = y + -3080. What is the units digit of z?
5
Let d(r) = -2232*r - 1355. What is the thousands digit of d(-7)?
4
Let w = -126 - -391. Let x(u) = 140 + 12*u + 152 - w. What is the hundreds digit of x(7)?
1
Let j be (11 - 5)/(0 - -2). Let q(d) = j*d + 7*d**2 - 2*d - 6*d + 3 - 1. What is the tens digit of q(3)?
5
Suppose -5*d - 9630 = -10*d. Suppose -q + 252 + 122 = 5*v, d = 5*q - 3*v. What is the hundreds digit of q?
3
Let x(p) = -9*p**2 - 17*p + 18. Let u be x(-8). Let c = u - 37. What is the units digit of 4 - (3 + c)/4?
8
Suppose -6*i - 272822 = 9*i - 26*i. What is the thousands digit of i?
4
Suppose -28*n + 13873 + 31171 = -7820. What is the hundreds digit of n?
8
Let m(i) be the third derivative of i**6/120 - i**5/20 - i**4/8 - 26*i**2. Let h be m(4). What is the units digit of 130 + -6*(-2)/h?
3
Suppose 0 = 79*p + 70439 - 266833. What is the units digit of p?
6
Let w(h) = h**3 + 5*h**2 + 5*h + 2. Let t be w(-3). Suppose -2*b + 32 = 5*f, -5*b = 2*f + 2*f - 46. Suppose -b*c + 78 = -t*c. What is the units digit of c?
8
Suppose -4*r + r = -72. What is the units digit of 8785/(-14)*r/(-30)?
2
Let w be (-2)/(-10) - 136/5. Let g = -18 - w. What is the tens digit of 264/g + (-1)/3?
2
Let p(j) = 12*j + 15. Let g be p(0). Suppose -8*z - 81 = g. What is the hundreds digit of 16/z*-1*495/6?
1
Suppose 7*z = -6*n + 10*z + 20670, 0 = 3*n - 3*z - 10332. What is the hundreds digit of n?
4
Suppose 351087 - 741064 = -30*t + 381563. What is the tens digit of t?
1
Let u = 1149 - 1155. Let x(l) = 0*l**2 + l**2 + 0*l + l + 4*l. What is the units digit of x(u)?
6
Suppose 16*g = 21*g - 25. Suppose -z + g*r = -1335, 2702 = -9*z + 11*z - 2*r. Suppose -455 + z = 9*y. What is the hundreds digit of y?
1
Let t = 23668 - 11128. Suppose -4*j - 3*y + 10018 = 0, 0*j + t = 5*j - 5*y. Suppose -6*d + j = 8*d. What is the units digit of d?
9
Let y be (-68)/(-238) - 10263/(-21). Suppose -5*a + y = -v - 5412, 4*a + 3*v - 4717 = 0. What is the thousands digit of a?
1
Let o(d) = 15*d + 26. Let r(p) = p + 2. Let y(q) = o(q) - r(q). What is the tens digit of y(8)?
3
Let l(c) = 2*c**2 + c + 8. Let v be l(-6). What is the units digit of 185/v*(-1428)/(-5)?
4
Let l(b) = -4*b + 9. Let p(t) = -t + 1. Let j(o) = -l(o) + 2*p(o). Let z be j(3). Let r = 53 + z. What is the tens digit of r?
5
Suppose -19675 = -5*s + 3455. What is the thousands digit of s?
4
Let j(b) be the first derivative of -b**4/4 - 13*b**3/3 - 9*b**2/2 - 8*b - 13. Let q be j(-12). Let c = 31 - q. What is the tens digit of c?
7
Let c(n) = 19559*n**3 + 9*n - 7. What is the hundreds digit of c(1)?
5
Suppose -5 = -4*w - w, 6 = 3*f + 3*w. Let d be -608 - (84/(-4))/7. What is the units digit of (f + 1*-2)/(11/d)?
5
Suppose -6*w = -5 - 55. Suppose -w*h = h - 77. Suppose 714 = -0*z + h*z. What is the units digit of z?
2
Suppose -u + 2*b - 2 = -3, -6 = 3*b. What is the hundreds digit of (u + 361)/1 - 3?
3
Let f(b) = -86*b + 71. Let t be f(-2). Let c = -25 + t. What is the units digit of c?
8
Suppose 5*c - 42540 = -5*q, -25*c + 4*q = -21*c - 34016. What is the thousands digit of c?
8
Let f(x) be the second derivative of -x**5/20 - x**4/6 + x**3/6 + 1957*x**2/2 - 10*x. Let h be f(0). What is the tens digit of h/38 - (-2)/4?
5
Suppose 80385 = 3*g - 14*w + 2*w, -g + 26795 = 4*w. What is the units digit of g?
5
Suppose -5*i = 2*b + 3*b - 10, b + 4*i - 2 = 0. Let z(l) = -l + 7. Let n be z(b). Suppose y + 5*d - 180 = -4*y, -n*d = 10. What is the tens digit of y?
3
Suppose 22*n - 14033 - 145751 = 16854. What is the units digit of n?
9
Let m = -301 - -307. Suppose -128 = -4*a + 944. Suppose -a + 34 = -m*s. What is the units digit of s?
9
Let b(c) = 1644*c - 1911. What is the hundreds digit of b(5)?
3
Let j(x) be the third derivative of x**6/120 - 3*x**5/10 - 7*x**4/4 + 7*x**3/3 + 2*x**2 - 14*x. What is the thousands digit of j(22)?
1
What is the thousands digit of 1080164/2529*(-27)/(-6)?
1
Suppose -s = 3*s + 560. Let g = -343 + s. What is the units digit of (-8)/(-6)*g/(-14)?
6
Let a = -9802 - -16417. What is the thousands digit of a?
6
Let q(i) = -6*i**3 - 93*i**2 + 61*i - 20. What is the units digit of q(-20)?
0
Let l(s) = 16*s - 412. Let f be l(26). What is the units digit of ((-16)/6)/f + (-27775)/(-33)?
1
Let n be ((-168)/189)/(3*(-8)/108). Suppose n*o - 3060 = -4*a - 0*o, -3*a + 2294 = 4*o. What is the units digit of a?
6
Suppose 0 = 5*d - 15189 + 4664. Suppose 6*f - 61 = d. What is the units digit of f?
1
Let q = 7819 + -5101. What is the units digit of q?
8
Suppose 23*w + 17 = 22*w. Let v(a) = -2*a**2 - 41*a + 41. What is the hundreds digit of v(w)?
1
Let m be ((-429)/(-55))/13 + (-42)/(-5). Suppose 12*o - m*o = 2100. What is the hundreds digit of o?
7
Let y(q) = -13*q**3 + 6*q**2 + q - 38. What is the units digit of y(-8)?
4
Suppose g + 15 = 3*f, 10*f - 11*f = 4*g + 8. Suppose 5*h - 7014 + 379 = -5*n, 0 = f*n + 2*h - 5314. What is the tens digit of n?
3
Suppose -20 = -2*p - 4*u, 2*p = 2*u + 5 - 9. Suppose 1204 = 5*j + 2*y + p*y, -j = 4*y - 228. What is the units digit of j?
4
Let c(i) = -i**3 + 20*i**2 - 28*i + 84. What is the hundreds digit of c(9)?
7
Suppose -2*w + 5*g = -132 - 321, -2*g = 4*w - 942. Let b = 505 - w. What is the tens digit of b?
7
Let m = 4166 + -2343. What is the tens digit of m?
2
Let p(f) = 22*f**2 - 18*f - 8*f**2 - 30 - 15*f**2. Let i be p(-16). Suppose 0 = -i*z + 2*m + 234, 6*z - 3*m = 2*z + 464. What is the hundreds digit of z?
1
Suppose 19*v - 14*v - 2*q - 205 = 0, 5*q = 0. Suppose v*g = 42*g - 490. What is the units digit of g?
0
Suppose 2*s = 3*c + 107323, 0 = -2*c + 5 - 7. What is the tens digit of s?
6
Let j = -3857 + 7986. What is the units digit of j?
9
Let i(m) = m**2 - 19*m + 93. Let f be i(7). Let j(s) = 82*s - 172. What is the hundreds digit of j(f)?
5
Suppose -w = 4 - 33. Let d = w + -19. Suppose 116 = d*i - 284. What is the tens digit of i?
4
Let o be 4/(-4)*(-3 - 1). What is the units digit of -3 + -600*3/o*-2?
7
Suppose 0 - 5 = -w, -2*b = 5*w - 43. Suppose -10*c = -11 - b. Suppose -6*a + 5*a + 141 = 4*h, -c*a = 2*h - 276. What is the units digit of a?
7
Suppose 26*h - 104262 = 206724. What is the units digit of h?
1
Suppose -9 = -2*b - b, 3*b + 6246 = 5*p. Suppose 17*n - 1707 = p. What is the units digit of n?
4
Suppose -15*i = 27*i + 8*i - 251950. What is the tens digit of i?
3
Suppose -4*b - 273*c + 92708 = -271*c, 3*b - c = 69536. What is the tens digit of b?
7
Suppose 214*p - 24 = 216*p. Let c(x) = 7*x**2 + 36*x + 106. What is the units digit of c(p)?
2
What is the hundreds digit of 5340612/98 + 8/(-196)?
4
Let g = 953 + -396. Suppose -4*z = g - 1713. What is the hundreds digit of z?
2
Let b = -43 - 257. Let d(r) = r**3 + 9*r**2 + 35*r + 196. Let p be d(-8). Let n = p - b. What is the units digit of n?
0
Suppose -3*d - 2*l = -38868, 37049 = 4*d + 4*l - 14775. What is the hundreds digit of d?
9
Let d(q) = -19*q**3 + 4*q**2 - 10*q - 18. Let x(n) = 18*n**3 - 5*n**2 + 12*n + 18. Let f(u) = 4*d(u) + 3*x(u). What is the tens digit of f(-4)?
2
Let o be (-3)/18*2*-6. Let z(n) = 39 + 7*n**2 - o*n - 8*n**2 - n. What is the units digit of z(0)?
9
Let p(f) = -2*f + 49. Let w be p(-21). Let g = 483 - w. What is the units digit of g?
2
Let t(b) = -285*b - 9732. What is the thousands digit of t(-41)?
1
Let z(s) = 16 - 40 + 26 - 17*s. What is the tens digit of z(-8)?
3
Let l(b) = 2*b**2 - b - 3. Let h be l(2). Suppose 0 = -4*n - 2*d + 1662, 2*n + 413 = 3*n + h*d. What is the tens digit of n?
1
Suppose -13*h - 25 = 12*h. What is the hundreds digit of ((-4032)/5 + 30/75)/h?
8
Suppose 3*o + 4*f - 1865 = 760, 5*f = o - 875. What is the hundreds digit of o?
8
Let u = 102 - -288. Suppose -u = i - 663. What is the units digit of i?
3
Let z = -196 - -203. Suppose 0 = z*g - 20*g + 1872. What is the hundreds digit of g?
1
Suppose -5*t - h - 23257 = -9*t, 29072 = 5*t - h. What is the hundreds digit of t?
8
Suppose 18 = 33*h - 27*h. Let k(a) = a**3 - 4*a**2 - 3*a + 1. Let x be k(5). What is the units digit of (-4)/6 + x/h?
3
Let n be (13/(-26))/((-1)/(-58)). Let p(c) = -14*c + 3. Let k be p(-5). Let x = n + k. What is the tens digit of x?
4
Let c be ((-1 - -1)/2)/(6/(-2)). Let w(b) = b**2 + b + 113. Let j be w(c). Let z = j + -34. What